{"version":"1.0","provider_name":"C\u00e1mara de Comercio de Valencia","provider_url":"https:\/\/www.camaravalencia.com\/va\/","title":"Simulador d'Igualtat i Diversitat per a empreses - C\u00e1mara de Comercio de Valencia","type":"rich","width":600,"height":338,"html":"<blockquote class=\"wp-embedded-content\" data-secret=\"iIRGFSWHfG\"><a href=\"https:\/\/www.camaravalencia.com\/va\/jornadas\/simulador-de-igualdad-y-diversidad-para-empresas\/\">Simulador d&#8217;Igualtat i Diversitat per a empreses<\/a><\/blockquote><iframe sandbox=\"allow-scripts\" security=\"restricted\" src=\"https:\/\/www.camaravalencia.com\/va\/jornadas\/simulador-de-igualdad-y-diversidad-para-empresas\/embed\/#?secret=iIRGFSWHfG\" width=\"600\" height=\"338\" title=\"&#8220;Simulador d&#8217;Igualtat i Diversitat per a empreses&#8221; &#8212; C\u00e1mara de Comercio de Valencia\" data-secret=\"iIRGFSWHfG\" frameborder=\"0\" marginwidth=\"0\" marginheight=\"0\" scrolling=\"no\" class=\"wp-embedded-content\"><\/iframe><script>\n\/*! This file is auto-generated *\/\n!function(d,l){\"use strict\";l.querySelector&&d.addEventListener&&\"undefined\"!=typeof URL&&(d.wp=d.wp||{},d.wp.receiveEmbedMessage||(d.wp.receiveEmbedMessage=function(e){var t=e.data;if((t||t.secret||t.message||t.value)&&!\/[^a-zA-Z0-9]\/.test(t.secret)){for(var s,r,n,a=l.querySelectorAll('iframe[data-secret=\"'+t.secret+'\"]'),o=l.querySelectorAll('blockquote[data-secret=\"'+t.secret+'\"]'),c=new RegExp(\"^https?:$\",\"i\"),i=0;i<o.length;i++)o[i].style.display=\"none\";for(i=0;i<a.length;i++)s=a[i],e.source===s.contentWindow&&(s.removeAttribute(\"style\"),\"height\"===t.message?(1e3<(r=parseInt(t.value,10))?r=1e3:~~r<200&&(r=200),s.height=r):\"link\"===t.message&&(r=new URL(s.getAttribute(\"src\")),n=new URL(t.value),c.test(n.protocol))&&n.host===r.host&&l.activeElement===s&&(d.top.location.href=t.value))}},d.addEventListener(\"message\",d.wp.receiveEmbedMessage,!1),l.addEventListener(\"DOMContentLoaded\",function(){for(var e,t,s=l.querySelectorAll(\"iframe.wp-embedded-content\"),r=0;r<s.length;r++)(t=(e=s[r]).getAttribute(\"data-secret\"))||(t=Math.random().toString(36).substring(2,12),e.src+=\"#?secret=\"+t,e.setAttribute(\"data-secret\",t)),e.contentWindow.postMessage({message:\"ready\",secret:t},\"*\")},!1)))}(window,document);\n\/\/# sourceURL=https:\/\/www.camaravalencia.com\/wp-includes\/js\/wp-embed.min.js\n<\/script>\n","thumbnail_url":"https:\/\/www.camaravalencia.com\/wp-content\/uploads\/2023\/06\/13072023-DESTACADO-WORDPRESS-720x480-1.jpg","thumbnail_width":720,"thumbnail_height":480,"description":"Desenvolupar\/Refor\u00e7ar les compet\u00e8ncies necess\u00e0ries per a potenciar la igualtat en l'empresa. Potenciar a les persones com a vehicles de canvi dins dels seus equips de treball. Afermar les aptituds dels equips per a alinear els interessos i valors de cada col\u00b7laborador amb els del pla d'igualtat. Promoure l'empatia cap a les diverses problem\u00e0tiques que es derivaran de la implantaci\u00f3 del pla d'igualtat. Promoure la conciliaci\u00f3 dins del si dels equips de treball. Atallar tot tipus d'assetjament dins dels equips de treball, aix\u00ed com transmetre una idea de les pol\u00edtiques quant a llenguatge inclusiu. Entendre tant la segregaci\u00f3 vertical com l'horitzontal com element discriminatori."}

Cámara de Comercio de Valencia

Simulador d'Igualtat i Diversitat per a empreses - Cámara de Comercio de Valencia

<blockquote class="wp-embedded-content" data-secret="iIRGFSWHfG"><a href="https://www.camaravalencia.com/va/jornadas/simulador-de-igualdad-y-diversidad-para-empresas/">Simulador d&#8217;Igualtat i Diversitat per a empreses</a></blockquote><iframe sandbox="allow-scripts" security="restricted" src="https://www.camaravalencia.com/va/jornadas/simulador-de-igualdad-y-diversidad-para-empresas/embed/#?secret=iIRGFSWHfG" width="600" height="338" title="&#8220;Simulador d&#8217;Igualtat i Diversitat per a empreses&#8221; &#8212; Cámara de Comercio de Valencia" data-secret="iIRGFSWHfG" frameborder="0" marginwidth="0" marginheight="0" scrolling="no" class="wp-embedded-content"></iframe><script>
/*! This file is auto-generated */
!function(d,l){"use strict";l.querySelector&&d.addEventListener&&"undefined"!=typeof URL&&(d.wp=d.wp||{},d.wp.receiveEmbedMessage||(d.wp.receiveEmbedMessage=function(e){var t=e.data;if((t||t.secret||t.message||t.value)&&!/[^a-zA-Z0-9]/.test(t.secret)){for(var s,r,n,a=l.querySelectorAll('iframe[data-secret="'+t.secret+'"]'),o=l.querySelectorAll('blockquote[data-secret="'+t.secret+'"]'),c=new RegExp("^https?:$","i"),i=0;i<o.length;i++)o[i].style.display="none";for(i=0;i<a.length;i++)s=a[i],e.source===s.contentWindow&&(s.removeAttribute("style"),"height"===t.message?(1e3<(r=parseInt(t.value,10))?r=1e3:~~r<200&&(r=200),s.height=r):"link"===t.message&&(r=new URL(s.getAttribute("src")),n=new URL(t.value),c.test(n.protocol))&&n.host===r.host&&l.activeElement===s&&(d.top.location.href=t.value))}},d.addEventListener("message",d.wp.receiveEmbedMessage,!1),l.addEventListener("DOMContentLoaded",function(){for(var e,t,s=l.querySelectorAll("iframe.wp-embedded-content"),r=0;r<s.length;r++)(t=(e=s[r]).getAttribute("data-secret"))||(t=Math.random().toString(36).substring(2,12),e.src+="#?secret="+t,e.setAttribute("data-secret",t)),e.contentWindow.postMessage({message:"ready",secret:t},"*")},!1)))}(window,document);
//# sourceURL=https://www.camaravalencia.com/wp-includes/js/wp-embed.min.js
</script>

Desenvolupar/Reforçar les competències necessàries per a potenciar la igualtat en l'empresa. Potenciar a les persones com a vehicles de canvi dins dels seus equips de treball. Afermar les aptituds dels equips per a alinear els interessos i valors de cada col·laborador amb els del pla d'igualtat. Promoure l'empatia cap a les diverses problemàtiques que es derivaran de la implantació del pla d'igualtat. Promoure la conciliació dins del si dels equips de treball. Atallar tot tipus d'assetjament dins dels equips de treball, així com transmetre una idea de les polítiques quant a llenguatge inclusiu. Entendre tant la segregació vertical com l'horitzontal com element discriminatori.
